.
3, 383
Let h be (-452 - (-1 + 3))*3/(-2). Suppose 5*q - h + 201 = 0. List the prime factors of q.
2, 3
List the prime factors of -21*(1/(-5) + (-24600)/125).
3, 7, 197
Suppose 3*z = -3*b + 4962, -4*z + 8268 = -175*b + 180*b. What are the prime factors of b?
2, 7, 59
Let j(i) = i**3 - 10*i**2 - 5*i + 10. Let l = -9 + 19. Let o be j(l). What are the prime factors of 54/45*o/(-3)?
2
Let c = 2111 - 339. What are the prime factors of c?
2, 443
Let d = -21 - -15. Suppose -g = 3 - 42. Let p = d + g. List the prime factors of p.
3, 11
Let o = 19 - 17. Suppose 8 = o*x, -290 + 14 = -2*v + 5*x. Suppose 3*c = j - 62, -5*j - 2*c + 145 = -v. List the prime factors of j.
59
List the prime factors of 156*-13*((-225)/(-15))/(-30).
2, 3, 13
List the prime factors of (-2)/((-2)/9) + 1711.
2, 5, 43
Suppose 4*p + 12 = 8*p. List the prime factors of 6/4*(194/p + -2).
2, 47
Let h(j) = -12*j + 24. Let z be h(0). Let y be 10 + (2 - (1 - 1)). Let d = z - y. List the prime factors of d.
2, 3
Suppose -6 = -w - 1. Suppose 49 = 3*s - w*p, 3*p = 2*s + 6*p - 1. Let k(d) = d + 5. List the prime factors of k(s).
13
Let j be (-44)/(-6) + (-7)/21. Let d = j - 12. What are the prime factors of (d/15)/(3/(-54))?
2, 3
Suppose -5*q - 28 = -8. What are the prime factors of q*(-1)/(2/61)?
2, 61
Let i be 55/(-5)*-1 - 3. Suppose 333 = i*w - 51. What are the prime factors of w?
2, 3
Let a be 11/4 + (-1)/(-4). Let f = -76 + 80. Suppose -f*y = -4*b + 76, -b - a*y = b - 13. List the prime factors of b.
2, 7
Suppose 9 = -3*c, j + 9 = -0*j - 3*c. Suppose j*z - 57 = -3*z. List the prime factors of z.
19
Suppose 0 = -h - a + 19, 2*a + 58 = 2*h - 0*a. Let k = 31 - h. List the prime factors of k.
7
Let r be 1 + (-1 + -9)/(-2). Let j be 1*-1 - (r + -7). List the prime factors of 8 + j + 0/(-2).
2
Let z = 107 + 16. Suppose -4*k + 7*k = z. List the prime factors of k.
41
Let d be 76/14 - 30/70. Let i be (46/d)/(2/10). Let b = i - 0. List the prime factors of b.
2, 23
Let c(k) = -2*k**3 - 5*k**2 - 4*k + 1. List the prime factors of c(-7).
2, 5, 47
Suppose -9*m + 13*m = 784. What are the prime factors of m?
2, 7
Let x(o) = 9 + 11*o - 10*o + 0. What are the prime factors of x(11)?
2, 5
What are the prime factors of 1/(-1) + 903 + 12?
2, 457
Let t(z) = 2*z**2 + 70*z - 88. Let c be t(-35). Suppose -27 = -5*f - 137. List the prime factors of (f + 17)*c/10.
2, 11
Let d = -1853 + 3570. What are the prime factors of d?
17, 101
Suppose 3*j - 3*l = 0, j + 0*j + 4*l - 20 = 0. Suppose 142 + 18 = j*i. List the prime factors of i.
2, 5
Let s be 4/2 + (-6)/(12/22). List the prime factors of -101*((-1)/3)/(s/(-27)).
101
Suppose 3*r - 2831 - 2312 = -2*c, r + 3*c - 1726 = 0. What are the prime factors of r?
29, 59
Let b be 91/35 - (-6)/(-10). Let r(l) = -1 - 4*l + 9 + b*l - 4*l + l**2. List the prime factors of r(8).
2, 3
Let l(d) be the first derivative of -d**4/4 - 10*d**3/3 - 11*d**2/2 - 7*d - 10. List the prime factors of l(-9).
11
Suppose -25*i = -21*i - 384. Suppose 4*j - 8 = 3*j + v, 12 = -3*v. Suppose -i = -j*a - 0*a. List the prime factors of a.
2, 3
Suppose s + 4*r - 78 = 0, 5*r = 2*s + 2*s - 291. List the prime factors of s.
2, 37
Let n(w) = w**2 - 8*w - 19. Let k be n(9). Let b(h) = -h**2 - 13*h - 23. Let u be b(k). List the prime factors of (-405)/(-21) - 2/u.
19
Let s(y) = -2*y**2 - 13*y + 7. Let d be s(-7). Suppose d*k - k = 4*t - 123, 0 = -2*k - 4*t + 230. What are the prime factors of k?
107
Let f = 4220 - 1815. List the prime factors of f.
5, 13, 37
Let z = 10 - 15. Let t be (0 - z)*(-12)/(-5). Let u = 5 + t. What are the prime factors of u?
17
Let p = 1 - -2. Suppose 3*h = -3*b + p, -4*b + 3*h + 18 + 7 = 0. Suppose b + 7 = a. List the prime factors of a.
11
Suppose 9*i + 12942 = 18*i. List the prime factors of i.
2, 719
Let y = -93 - -104. Let m(v) = v**2 - 9*v + 12. What are the prime factors of m(y)?
2, 17
Suppose -7*c + 236 = -499. List the prime factors of c.
3, 5, 7
Let n(q) = q**3 + 2*q**2 - q - 4. Let h be n(2). Suppose 12*v - 110 = h*v. What are the prime factors of v?
5, 11
Suppose 161*j + 3 = 162*j. Let r(g) = 3 - 4 - 2 + g**2 - g. List the prime factors of r(j).
3
Let j(x) = 667*x**3 - 3*x + 2. List the prime factors of j(1).
2, 3, 37
List the prime factors of 26190/8 + ((-171)/36)/(-19).
2, 1637
Let z(v) = 40*v**2 + 2. Suppose 3*a = -3*a - 12. What are the prime factors of z(a)?
2, 3
Let y(u) = 2*u**2 - u - 1. Let x be y(3). Suppose -7*k + 14 = 0, -4 = 3*t - 5*k - 12. What are the prime factors of x*(-1)/t*-21?
7
Let u = 3 - -2. Suppose 0 = 2*o + 2*k + 7 + 3, 4*o + 29 = u*k. Let n(g) = g**3 + 7*g**2 + 5*g + 2. List the prime factors of n(o).
2
Let z(w) = 7*w**3 + 2*w**2 - 11*w + 24. What are the prime factors of z(2)?
2, 3, 11
Suppose -5*c + 0*c + 155 = -3*p, -c - 2*p + 18 = 0. Suppose k - c = 37. List the prime factors of k.
5, 13
Let c(u) = 17*u**2 - u. Let b be c(1). Suppose 2*a = 5*w - 311, -2*a = 3*w - 209 + b. List the prime factors of w.
3, 7
Let t(q) = -2*q + 1. Let k be ((-18)/(-8))/((-1)/(-4)). Let b be t(k). Let n = b - -29. List the prime factors of n.
2, 3
Let x(l) = -l**2 + 4. Let o be x(4). Let q be (o/10)/((-6)/15). Suppose -17 = -q*n + 28. What are the prime factors of n?
3, 5
Let q(y) = -y**3 - 28*y**2 + 27*y - 12. List the prime factors of q(-30).
2, 3, 163
What are the prime factors of 10/(-95) - 13150/(-19)?
2, 173
Suppose -50*a = -75*a + 38300. List the prime factors of a.
2, 383
List the prime factors of (-21)/231 + (-14610)/(-22).
2, 83
Suppose 251*z - 254*z + 1635 = 0. What are the prime factors of z?
5, 109
Suppose -4 = -5*k + 11. What are the prime factors of (0 - -3 - -1) + k?
7
List the prime factors of (0 + -1)*(3 + -616).
613
Let u(s) = 1 - 8 - 2*s + 2*s**2 + 5. Let t be u(-1). What are the prime factors of (5/3)/(t/30)?
5
What are the prime factors of (3/12)/(3/12)*3662?
2, 1831
Let v be 4/10 + (-144)/(-15). Let u = v + -8. Suppose 5*a - 22 = -u*w + a, -29 = -3*w - 4*a. What are the prime factors of w?
7
Suppose -245*f + 240*f = -5260. List the prime factors of f.
2, 263
Let f(u) = -6*u**3 + 6*u**2 - 4*u + 67. What are the prime factors of f(-8)?
3, 5, 79
List the prime factors of (345/(-2))/((-195)/650).
5, 23
Let r(d) = -d**2 + 7*d + 6. Let c be r(9). List the prime factors of (-3)/c - (-1580)/16.
3, 11
Let b(l) be the first derivative of -l**6/120 + l**5/6 + l**3/3 - 5*l**2/2 + 3. Let j(x) be the second derivative of b(x). What are the prime factors of j(10)?
2
Suppose 0 = -n + 4. Let k be (-1)/2*(-4 - (-1184)/(-4)). Suppose -n*a = a - k. What are the prime factors of a?
2, 3, 5
Suppose 0 = -2*m + 2*n + 1711 + 15, -10 = -2*n. List the prime factors of m.
2, 7, 31
Let s(j) = j**3 + 6*j**2 + 3*j + 15. Let h be s(-6). Let y(t) = -2*t**3 - 4*t**2 - 9*t - 2. List the prime factors of y(h).
43
Suppose 9*f = 6*f + 9. Let p(d) = -3*d**2 + 5 + d**2 + 6*d + f + 3*d**2. List the prime factors of p(-7).
3, 5
Let x = 4552 - 3111. What are the prime factors of x?
11, 131
Let k = -131 - -73. Let j = k + 19. Let a = -17 - j. What are the prime factors of a?
2, 11
Let f = -2033 + 4304. What are the prime factors of f?
3, 757
Let a(m) = m - 7 - 1 + 0*m. Let h be a(8). Let l(j) = j + 11. What are the prime factors of l(h)?
11
Let b(r) = -r**2 + 13*r - 15. Let c be b(10). Let n = -12 + c. Suppose n*p = -x - 3*x + 78, -25 = -p - x. What are the prime factors of p?
2, 11
Let x(d) = -2*d**3 - 4*d**2 + 6*d - 14. What are the prime factors of x(-5)?
2, 53
Suppose 8*q + 33 = 11*q. Suppose 45 = q*m - 6*m. List the prime factors of m.
3
Suppose 0 = u + 5*a, 3*u = -4*a + 3*a. What are the prime factors of (u - 26)/((-8)/16)?
2, 13
Let v = 276 + -157. What are the prime factors of v?
7, 17
Let b(j) = 2*j**2 - 6*j + 12*j - 2 - 15*j. What are the prime factors of b(-6)?
2, 31
Let m be 35 + -7 - (-1 + 3). Let i = 14 - m. List the prime factors of (2 + -5)/(i/68).
17
Let s be 1/((2/23)/(-2)). Let k = -176 - -177. Let b = k - s. What are the prime factors of b?
2, 3
Suppose g - 3 = 2. Let b = 93 - g. What are the prime factors of b?
2, 11
What are the prime factors of ((-10)/20 - 5*-88)*6?
3, 293
Suppose -16 = -19*c + 22. Let u be 1*155*4/10. Suppose 5*o - u = -c. List the prime factors of o.
2, 3
Suppose -4*h + 5*a + 378 = -3*h, -h = 2*a - 364. What are the prime factors of h?
2,